MONTHLY CLIMATOLOGICAL SUMMARY for SEP. 2019

NAME: North Bend Weather   CITY: North Bend STATE: Washington
ELEV: 442 LAT: 047:30:00 LONG: 0121:46:06

                            TEMPERATURE ( F), RAIN (in.), WIND SPEED (mph)

                                               HEAT     COOL           AVG
      MEAN                                     DEG      DEG            WIND                       DOM
DAY   TEMP    HIGH   TIME     LOW    TIME      DAYS     DAYS    RAIN   SPEED    HIGH    TIME      DIR
--------------------------------------------------------------------------------------------------------
01    66.8   077.8   17:48    59.3   00:00     00.0     01.9   00.00   01.0     10.3    17:27     WNW
02    64.5   077.4   16:54    52.7   06:47     00.5     00.0   00.00   01.7     13.8    13:27     WNW
03    65.4   078.5   15:23    51.9   06:52     00.0     00.5   00.00   01.4     11.5    15:19     WNW
04    64.2   075.5   16:18    56.0   23:58     00.7     00.0   00.00   02.0     13.8    15:27     WNW
05    63.8   080.1   18:18    51.1   07:36     01.2     00.0   00.00   01.1     10.3    13:14      W 
06    67.5   080.4   17:35    57.6   07:34     00.0     02.6   00.00   01.6     14.9    13:49      NW
07    63.1   066.6   13:46    60.5   08:32     01.8     00.0   00.00   01.5     10.3    13:41      NW
08    60.4   068.9   14:50    56.6   04:08     04.5     00.0   00.00   01.0     11.5    15:39      E 
09    58.8   064.8   16:51    56.3   00:00     06.2     00.0   01.06   00.6     12.7    17:57     ESE
10    59.3   066.9   15:39    53.7   23:56     05.6     00.0   00.11   01.0     10.3    16:41     WSW
11    59.9   072.6   16:06    49.3   05:16     05.0     00.0   00.00   01.1     10.3    14:02      W 
12    65.7   081.1   16:23    55.1   06:16     00.0     00.7   00.38   01.6     11.5    16:45     ESE
13    62.1   068.2   16:55    58.6   07:29     02.8     00.0   00.06   01.2     10.3    01:25     ESE
14    61.4   065.3   13:39    57.8   23:58     03.5     00.0   00.14   01.7     12.7    18:58     ESE
15    57.0   059.2   15:19    54.8   00:00     07.9     00.0   01.48   01.2     11.5    10:04      SE
16    56.0   063.1   14:17    51.9   07:27     09.0     00.0   00.43   00.8     10.3    12:48      E 
--------------------------------------------------------------------------------------------------------
62.2 (63.4)   81.1  day 12     49.3  day 11   048.8    005.7   03.81   01.3     15.0   day 04      NW
Min <=  64: 16
Min <=   64: 16
Min <=   0: 16
Max Rain: 1.48 ON 15-09-19
Days of Rain: 7 (> .008in) 6 (> .08in) 2 (> 0.8in)