MONTHLY CLIMATOLOGICAL SUMMARY for MAR. 2019

NAME: North Bend Weather   CITY: North Bend STATE: Washington
ELEV: 442 LAT: 047:30:00 LONG: 0121:46:06

                            TEMPERATURE ( F), RAIN (in.), WIND SPEED (mph)

                                               HEAT     COOL           AVG
      MEAN                                     DEG      DEG            WIND                       DOM
DAY   TEMP    HIGH   TIME     LOW    TIME      DAYS     DAYS    RAIN   SPEED    HIGH    TIME      DIR
--------------------------------------------------------------------------------------------------------
01    36.2   048.3   15:21    29.2   21:54     28.8     00.0   00.00   01.8     11.5    15:21     SSE
02    37.3   048.4   13:48    26.0   07:24     27.6     00.0   00.00   04.4     26.4    11:42     ESE
03    35.1   042.4   14:24    30.6   22:24     29.8     00.0   00.00   09.0     29.9    08:45     ESE
04    35.1   043.2   13:08    29.2   07:20     29.9     00.0   00.00   06.8     29.9    15:15     ESE
05    37.7   048.4   14:19    27.4   07:29     27.2     00.0   00.00   04.5     25.3    02:03      E 
06    32.7   038.7   23:46    27.3   05:37     32.2     00.0   00.07   01.4     17.3    23:19      NW
07    36.7   043.7   11:44    32.8   07:40     28.2     00.0   00.16   02.4     21.9    08:01     ESE
08    35.0   041.6   12:50    27.9   00:00     30.0     00.0   00.01   01.2     10.3    15:52      W 
09    34.7   047.1   15:53    26.0   06:15     30.2     00.0   00.01   01.9     12.7    15:54     WNW
10    39.7   054.4   14:36    27.5   08:11     25.2     00.0   00.00   03.3     17.3    23:50     ESE
11    43.1   056.9   13:15    33.8   08:09     21.8     00.0   00.20   03.9     20.7    04:56     ESE
12    36.0   041.2   16:39    32.2   07:16     29.0     00.0   00.79   01.2     09.2    22:20     WSW
13    39.5   050.6   17:30    34.4   04:18     25.4     00.0   00.09   01.7     11.5    13:26     NNE
14    44.5   057.4   15:23    33.4   03:42     20.4     00.0   00.00   02.1     12.7    13:00     ESE
15    47.9   061.5   16:34    36.0   08:30     17.1     00.0   00.00   02.4     12.7    23:58      NE
16    50.0   063.3   16:41    36.6   07:19     14.9     00.0   00.00   03.2     16.1    03:54      E 
17    48.9   067.7   17:08    31.3   08:06     16.0     00.0   00.00   02.5     16.1    23:39      SE
18    55.3   072.5   15:07    34.1   08:09     09.6     00.0   00.00   03.8     26.4    15:11     ENE
19    64.1   074.3   15:17    52.3   07:29     00.9     00.0   00.00   08.6     33.4    11:17     ESE
20    65.0   077.7   16:06    50.5   08:28     00.0     00.0   00.00   06.4     32.2    17:11      E 
--------------------------------------------------------------------------------------------------------
42.7 (43.4)   77.7  day 20     26.0  day 09   444.2    000.0   01.33   03.6     33.4   day 19     ESE
Min <=  64: 20
Min <=   64: 20
Min <=   0: 20
Max Rain: 0.79 ON 12-03-19
Days of Rain: 7 (> .008in) 4 (> .08in) 0 (> 0.8in)