MONTHLY CLIMATOLOGICAL SUMMARY for MAR. 2023

NAME: North Bend Weather   CITY: North Bend STATE: Washington
ELEV: 442 LAT: 047:30:00 LONG: 0121:46:06

                            TEMPERATURE ( F), RAIN (in.), WIND SPEED (mph)

                                               HEAT     COOL           AVG
      MEAN                                     DEG      DEG            WIND                       DOM
DAY   TEMP    HIGH   TIME     LOW    TIME      DAYS     DAYS    RAIN   SPEED    HIGH    TIME      DIR
--------------------------------------------------------------------------------------------------------
01    36.8   048.5   13:46    25.6   04:05     28.2     00.0   00.06   01.7     17.3    19:11      E 
02    40.1   045.2   12:15    36.0   02:44     24.9     00.0   00.34   04.3     25.3    09:54      SE
03    39.2   045.0   12:44    36.4   21:57     25.7     00.0   00.14   03.9     31.1    06:49     SSE
04    41.1   046.8   13:28    34.3   00:00     23.8     00.0   00.00   05.1     29.9    12:24      SE
05    39.6   052.5   13:24    27.0   06:53     25.3     00.0   00.01   02.2     19.6    12:45     ESE
06    41.8   052.4   13:15    33.5   06:46     23.1     00.0   00.02   03.3     17.3    17:21      SE
07    42.1   051.9   11:30    30.7   07:00     22.9     00.0   00.00   03.4     21.9    17:40     ESE
08    37.7   046.7   13:24    28.7   05:22     27.2     00.0   00.00   01.5     10.3    13:26     WNW
09    43.0   049.6   12:29    32.9   01:05     21.9     00.0   00.00   08.0     36.8    13:26     ESE
10    43.3   049.1   14:18    38.1   09:23     21.7     00.0   00.23   03.5     29.9    02:15      SE
11    43.9   052.9   14:47    37.8   07:02     21.0     00.0   00.02   02.5     12.7    22:53      SE
12    44.6   053.0   11:43    37.7   01:56     20.3     00.0   00.43   07.1     27.6    18:38      SE
13    42.6   044.2   02:10    41.0   14:52     22.3     00.0   00.58   04.0     21.9    04:00      SE
14    43.7   055.8   15:33    33.2   08:16     21.2     00.0   00.05   01.7     18.4    01:52      SE
15    41.3   049.3   15:30    34.5   23:43     23.6     00.0   00.21   01.6     16.1    07:34      SE
16    43.7   058.3   15:31    27.7   07:08     21.3     00.0   00.00   04.7     26.4    23:41     ESE
17    54.0   063.5   14:07    47.2   08:22     10.9     00.0   00.00   07.4     28.8    00:13      SE
18    56.0   068.7   15:40    45.7   07:44     08.9     00.0   00.00   07.0     23.0    06:34      SE
19    56.4   063.4   13:02    50.6   04:32     08.6     00.0   00.00   06.8     26.4    11:54      SE
20    47.0   051.2   00:03    43.4   07:34     17.9     00.0   00.24   00.9     06.9    23:03     SSE
21    48.2   057.7   15:56    41.7   00:00     16.7     00.0   00.00   01.8     13.8    17:13      W 
22    47.0   064.0   15:59    29.2   07:41     17.9     00.0   00.02   01.9     13.8    14:59     WNW
23    44.7   050.2   11:24    39.7   21:36     20.3     00.0   00.30   03.0     28.8    18:11      SE
24    40.3   049.4   13:42    35.8   00:00     24.7     00.0   00.27   02.8     19.6    10:43     ESE
25    39.5   046.8   17:19    34.3   01:27     25.5     00.0   00.05   01.0     11.5    12:35     NNW
26    41.0   051.1   15:51    33.6   01:49     24.0     00.0   00.03   01.0     11.5    18:57     NNW
27    43.9   058.5   15:29    29.4   07:18     21.0     00.0   00.00   03.1     23.0    20:05     ESE
28    52.5   058.1   14:56    45.9   00:00     12.4     00.0   00.00   04.2     23.0    03:03      SE
29    47.1   059.4   17:33    33.4   06:29     17.8     00.0   00.00   01.4     12.7    22:44     NNW
30    46.4   058.4   13:34    34.3   02:46     18.5     00.0   00.00   02.2     14.9    20:35     WSW
31    44.0   049.4   12:58    40.8   23:37     20.9     00.0   00.52   02.4     19.6    22:46     SSE
--------------------------------------------------------------------------------------------------------
44.3 (44.7)   68.7  day 18     25.6  day 01   640.4    000.0   03.52   03.4     36.8   day 09      SE
Min <=  64: 31
Min <=   64: 31
Min <=   0: 31
Max Rain: 0.58 ON 13-03-23
Days of Rain: 18 (> .008in) 10 (> .08in) 0 (> 0.8in)