MONTHLY CLIMATOLOGICAL SUMMARY for MAR. 2024 NAME: North Bend Weather CITY: North Bend STATE: Washington ELEV: 442 LAT: 047:30:00 LONG: 0121:46:06 TEMPERATURE ( °F), RAIN (in.), WIND SPEED (mph) HEAT COOL AVG MEAN DEG DEG WIND DOM DAY TEMP HIGH TIME LOW TIME DAYS DAYS RAIN SPEED HIGH TIME DIR -------------------------------------------------------------------------------------------------------- 01 39.2 044.1 13:26 35.5 20:17 25.7 00.0 00.10 03.1 19.6 23:33 SE 02 39.3 044.7 12:09 33.4 23:49 25.7 00.0 00.10 02.9 18.4 12:52 SE 03 38.7 042.8 15:26 33.8 00:01 26.2 00.0 00.08 04.2 23.0 20:43 SE 04 37.8 047.9 11:33 31.7 23:56 27.1 00.0 00.23 02.2 20.7 06:47 SE 05 35.5 049.0 14:11 27.6 00:00 29.5 00.0 00.00 01.8 16.1 14:14 W 06 34.8 046.7 12:53 25.4 02:51 30.1 00.0 00.00 01.8 11.5 13:18 NW 07 37.8 050.7 14:25 27.1 02:46 27.1 00.0 00.00 01.9 11.5 12:50 SSE 08 47.9 056.3 16:02 32.3 00:38 17.1 00.0 00.00 06.6 25.3 21:56 SE 09 48.9 055.2 13:05 42.8 20:11 16.0 00.0 00.22 06.6 32.2 16:01 SE 10 45.4 048.1 22:36 43.0 19:38 19.6 00.0 00.35 05.2 27.6 04:30 SE 11 45.1 050.7 13:35 41.5 08:31 19.8 00.0 00.42 03.8 24.1 00:05 SE 12 43.8 049.2 12:46 39.4 22:45 21.1 00.0 00.64 03.6 24.1 14:22 ESE 13 43.3 053.4 14:58 35.7 23:37 21.7 00.0 00.00 01.4 14.9 15:27 NNW 14 44.6 060.1 15:53 31.0 07:28 20.3 00.0 00.00 02.1 11.5 18:16 WNW 15 47.2 067.1 15:16 31.4 07:36 17.8 00.0 00.00 01.6 12.7 15:21 NNW 16 56.8 078.4 16:00 37.5 08:29 08.1 00.0 00.00 02.9 24.1 13:11 ESE 17 57.0 074.2 14:58 39.0 08:10 07.9 00.0 00.00 02.3 13.8 15:08 WNW 18 52.7 071.8 15:38 36.6 07:55 12.3 00.0 00.00 01.6 11.5 16:07 WNW 19 53.2 071.6 15:56 35.5 08:12 11.8 00.0 00.00 01.6 11.5 16:24 WNW 20 49.1 052.6 00:06 46.2 00:00 15.8 00.0 00.02 01.6 09.2 12:30 NNW 21 50.3 058.7 14:49 45.4 09:07 14.6 00.0 00.18 01.2 11.5 12:04 SE 22 51.0 057.1 16:20 45.7 07:39 13.9 00.0 00.26 01.2 12.7 09:38 ENE 23 48.4 051.4 16:29 46.3 12:30 16.6 00.0 00.31 01.4 13.8 12:17 SE 24 49.8 059.6 15:33 45.7 06:15 15.1 00.0 00.04 01.7 13.8 15:27 NW 25 47.4 052.3 14:12 44.3 00:00 17.5 00.0 00.12 01.7 14.9 02:13 ESE 26 45.7 054.1 15:17 40.2 07:12 19.3 00.0 00.57 02.4 17.3 16:28 SE 27 44.7 051.2 17:27 40.8 23:41 20.2 00.0 00.72 05.6 24.1 07:14 SE -------------------------------------------------------------------------------------------------------- 45.8 (46.6) 78.4 day 16 25.4 day 06 518.0 000.0 04.36 02.7 32.2 day 12 SE Min <= 64: 27 Min <= 64: 27 Min <= 0: 27 Max Rain: 0.72 ON 27-03-24 Days of Rain: 16 (> .008in) 13 (> .08in) 0 (> 0.8in)