MONTHLY CLIMATOLOGICAL SUMMARY for FEB. 2020

NAME: North Bend Weather   CITY: North Bend STATE: Washington
ELEV: 442 LAT: 047:30:00 LONG: 0121:46:06

                            TEMPERATURE ( F), RAIN (in.), WIND SPEED (mph)

                                               HEAT     COOL           AVG
      MEAN                                     DEG      DEG            WIND                       DOM
DAY   TEMP    HIGH   TIME     LOW    TIME      DAYS     DAYS    RAIN   SPEED    HIGH    TIME      DIR
--------------------------------------------------------------------------------------------------------
01    45.7   057.0   00:36    33.4   21:50     19.3     00.0   02.17   04.2     33.4    09:05      NW
02    35.1   044.1   13:44    31.1   08:33     29.8     00.0   00.00   01.1     09.2    01:41     ESE
03    33.8   039.0   13:08    29.7   00:00     31.2     00.0   00.22   00.9     11.5    13:08     NNE
04    32.9   038.3   23:59    27.7   03:21     32.0     00.0   00.57   01.3     14.9    22:10      SE
05    42.1   046.8   18:44    36.9   02:35     22.8     00.0   03.13   02.1     19.6    04:03     ESE
06    46.3   051.2   17:34    41.3   11:43     18.6     00.0   01.38   02.2     23.0    16:50     NNW
07    46.5   050.0   11:09    41.4   23:27     18.4     00.0   01.71   03.6     40.3    19:14      NE
08    41.1   043.5   03:47    39.2   23:19     23.8     00.0   00.59   02.7     25.3    03:13      W 
09    38.5   046.5   14:57    33.5   22:43     26.4     00.0   00.01   01.1     10.3    14:41     WSW
10    38.8   049.5   14:34    32.4   23:32     26.1     00.0   00.00   00.9     09.2    12:06      NE
11    39.1   046.7   14:38    31.2   05:55     25.8     00.0   00.00   01.3     17.3    10:07     ENE
12    42.6   047.9   14:59    35.8   00:00     22.3     00.0   00.03   01.1     06.9    16:35     WNW
13    38.8   044.5   17:01    32.3   06:41     26.2     00.0   00.08   02.4     19.6    22:08     ENE
14    42.5   046.7   13:37    39.0   00:00     22.4     00.0   00.10   03.0     21.9    02:19     ESE
15    41.0   045.0   22:11    37.9   00:00     23.9     00.0   00.28   03.2     21.9    18:18     ESE
16    38.9   047.1   12:40    34.3   20:31     26.1     00.0   00.29   01.7     16.1    16:00     SSW
17    36.8   046.1   15:32    31.1   23:28     28.2     00.0   00.15   01.2     11.5    12:16     ENE
18    35.2   047.7   15:29    27.4   06:23     29.7     00.0   00.01   01.7     10.3    13:47     ENE
19    43.2   052.4   14:52    29.6   02:57     21.7     00.0   00.00   07.9     28.8    21:48     ESE
20    46.1   055.7   14:45    39.9   00:00     18.8     00.0   00.00   09.0     26.4    01:38     ESE
21    44.6   058.3   13:02    33.3   23:49     20.4     00.0   00.00   03.8     17.3    04:24     ESE
22    41.3   045.6   16:29    33.3   00:11     23.7     00.0   00.01   02.1     14.9    06:36      E 
--------------------------------------------------------------------------------------------------------
40.5 (40.9)   58.3  day 21     27.4  day 18   537.7    000.0   10.74   02.6     40.3   day 07     ESE
Min <=  64: 22
Min <=   64: 22
Min <=   0: 22
Max Rain: 3.13 ON 5-02-20
Days of Rain: 16 (> .008in) 11 (> .08in) 4 (> 0.8in)